digit of j?
1
Suppose 0 = -2*m + 2*f + 6, -2*m = f - 0*f + 3. Suppose m = 2*t + t. Suppose t*n - 5 = -n. What is the units digit of n?
5
Suppose 0 = -0*v + v - 11. What is the tens digit of v?
1
Let u be (6/(-7))/((-5)/(-35)). Let o(x) = -x + 8. What is the units digit of o(u)?
4
Suppose -3*w + 3*a - 41 = -137, 2*a = w - 33. What is the units digit of w?
1
Let g(x) = -2*x**2 + x**2 - 9*x - 1 + x. Let q be g(-4). Let z = 30 - q. What is the units digit of z?
5
Let h = 14 - 4. Suppose 0 = -3*g + 28 - h. What is the units digit of g?
6
Suppose 0 = 2*g + g - 99. Let k = g + -16. What is the tens digit of k?
1
What is the tens digit of -10*(2 - 111/6)?
6
Let p = 53 - 32. What is the tens digit of p?
2
Suppose 0 = -2*y + 4. Let q = y - -7. What is the units digit of q?
9
Let y(w) be the first derivative of w**4/4 + 4*w**3/3 - 7*w**2/2 - 6*w - 1. Let l be y(-5). Let o(h) = h**3 - 3*h**2 - 2*h - 3. What is the units digit of o(l)?
5
Let h = 44 - 21. Let p = 39 - h. What is the units digit of p?
6
Let a = -8 - -9. Let i = 3 - a. What is the units digit of i?
2
Suppose -5*w = -w - 20. Let d = w - -1. What is the units digit of d?
6
Suppose 0*c = 5*c - 80. What is the units digit of c?
6
Suppose 8 = -4*v - 4. Let p(z) = -z - 3. Let o be p(v). Suppose o = w - 4*s + 14, 3*s - 10 = -3*w + 2*s. What is the units digit of w?
2
Suppose 4*j = -3 - 1. Let f be ((-3)/9)/(j/6). Suppose -u + 3*i = 2*i, -2*u = f*i - 20. What is the units digit of u?
5
Let c = 9 + -6. Suppose 3*d - d + 3 = 3*a, 2*d = a + c. What is the units digit of a?
3
Let n(a) = a**2 - 9*a + 16. Let l be n(7). Suppose -3*y = 2*y + 2*d - 34, l*d = -6. What is the units digit of y?
8
What is the tens digit of (-2)/(-1*2/13)?
1
What is the units digit of 14/(-4)*(-18)/21?
3
Let c = 4 - -3. Let w = c + 1. What is the units digit of w?
8
Suppose r = -0*m + m + 13, 4*m = -2*r - 64. What is the units digit of ((-94)/3)/(10/m)?
7
Let t(h) = -h**3 + 7*h**2 + 11*h - 2. What is the units digit of t(8)?
2
Let d = 82 - 56. Suppose -4*a + 104 = 5*m, -2*a + 0*a = -4*m - d. What is the tens digit of a?
2
Let g be 5*2/(-4)*2. Let i(c) = 2*c**3 + 12*c**2 + 9*c - 17. Let z(w) = w**3 + 6*w**2 + 5*w - 9. Let q(m) = 3*i(m) - 5*z(m). What is the units digit of q(g)?
9
Let b(c) = c**3 - 10*c**2 + 15*c + 23. What is the units digit of b(10)?
3
Let y(q) = -2*q - 11. Suppose 24 = -2*i + 8. What is the units digit of y(i)?
5
Let i(d) = 13*d**2 + d. Let a be i(-1). Let b be 2/(-7) + (-104)/28. Let l = b + a. What is the units digit of l?
8
Suppose 5*o = 37 + 98. Let r be (9/o)/((-2)/(-498)). Suppose -3*s = 4*b + 10 - 51, -5*s = 3*b - r. What is the units digit of s?
9
Let s(r) = r**2 + 5*r - 15. What is the units digit of s(6)?
1
Suppose 105 = -5*i + u, -3*i + 0*u = 5*u + 91. What is the units digit of 4/i + 1524/33?
6
Suppose -21*x = -1021 - 1688. What is the hundreds digit of x?
1
What is the tens digit of (-95)/(-2) + 12/(-24)?
4
Suppose 0*y - 5*y + 90 = 0. Let f = y - 9. Suppose h + 4*r = -f, -4*h + 69 = 2*r - 7*r. What is the units digit of h?
1
Suppose -4*i = -u - 35, 0 = i - 5*u + 2 + 13. What is the units digit of (-7)/14*i*-1?
5
Let c = -58 + 101. What is the units digit of c?
3
Let o(w) = -w**2 - 6*w + 5. Let k be (25/15)/((-2)/(-12)). Let x = k - 14. What is the units digit of o(x)?
3
Let w(i) = -i**3 + 2*i**2 + 3*i + 4. Let y be w(3). Suppose 5*x - 4*n + 2*n - 28 = 0, x - 2*n = y. What is the units digit of x?
6
What is the units digit of ((-10)/(-8))/((28/624)/7)?
5
Let d be (-44)/(-12) - 1/(-3). Suppose 0*j + 52 = d*j. What is the tens digit of j?
1
Suppose 0*n = n - 2. Suppose 4*v - 128 = -n*s + s, 3*v - 77 = 4*s. Suppose -5*u + v = -14. What is the units digit of u?
9
Suppose -u - 7 = -12. What is the units digit of u?
5
Let p = -2 + -1. What is the tens digit of 1 + 11 + (-1 - p)?
1
Suppose 23 + 355 = 7*m. What is the units digit of m?
4
Suppose c - 5*u = -1, 3*u = -3*c + 28 + 5. What is the units digit of 96/c - (-2)/(-3)?
0
What is the tens digit of 32/(-6)*(3 - (-204)/(-16))?
5
Let x(q) = -q - 4. Let c = 3 + -3. Let w = c - 5. What is the units digit of x(w)?
1
Suppose -3*n - 2 - 16 = -5*a, -5*a + 10 = -5*n. Let s be (18/(-1))/(-2 - -1). Suppose 4*g + a = s. What is the units digit of g?
3
What is the tens digit of (-66)/(-8)*(10 + -2)?
6
Suppose 0 = -s + 5*s - 32. Let l(f) = s - 8 - 4*f + 5*f. What is the units digit of l(2)?
2
Let w = 10 + -16. What is the units digit of w/18 + (-70)/(-3)?
3
Let w be 1/2 - (-187)/2. Let o = 134 - w. What is the units digit of o?
0
Suppose -3*p - 13 = -4*p. Suppose 10 + 13 = 3*b + 4*d, -p = 2*b - 3*d. What is the units digit of b?
1
What is the tens digit of (8/16)/(1/42)?
2
Let d = 235 - 119. What is the hundreds digit of d?
1
Let v(s) = s**3 + 5*s**2 - 5*s + 8. What is the units digit of v(-6)?
2
Suppose -3*i - 4*p = -3*p - 1002, -5*p - 668 = -2*i. What is the tens digit of i?
3
Let b = 26 - 2. What is the tens digit of b/9*54/8?
1
Let b(v) = 41*v + 27. What is the hundreds digit of b(5)?
2
Suppose -2 = 2*k - 12. Suppose 2*w - 6*w + 64 = k*j, 3*w - 48 = j. What is the units digit of w?
6
Let k be -11 + (-2 - -2 - 0). Let q = -4 - k. What is the units digit of q?
7
Suppose 0 = 2*w - 7*w - 50. What is the units digit of w/(-15)*(-27)/(-2)?
9
Let b(y) = -3*y + 1. What is the units digit of b(-5)?
6
What is the tens digit of (-4)/1 - (-2 - 36)?
3
Suppose -4*b + 3*k = -6*b + 206, 0 = 5*b - 2*k - 553. What is the tens digit of b?
0
Suppose 2*j + 10 = -2. Let r be ((-12)/8)/(j/8). What is the units digit of 2 + 1 + 0/r?
3
Suppose 8*h + 1276 - 4372 = 0. What is the tens digit of h?
8
Suppose 0 = 5*q - 520 - 110. What is the tens digit of q?
2
Suppose 5*x + 124 - 359 = 0. What is the units digit of x?
7
Let i = -17 + 39. What is the units digit of i?
2
Let q = 18 + -16. Suppose -c = -x + 2*x - 36, 168 = 5*c + q*x. What is the units digit of c?
2
Let k = 0 - -149. What is the tens digit of k?
4
Let r be (-4)/10 - (-118)/(-5). What is the units digit of (8/r)/((-2)/6)?
1
Let f(r) = 9*r**2 + 2*r + 1. What is the units digit of f(-1)?
8
Let c = -71 + 120. What is the tens digit of c?
4
Let c(f) be the second derivative of f**5/20 - 5*f**4/12 - 2*f**3/3 - 7*f**2/2 - 3*f. Suppose -16 = -3*p + 2. What is the units digit of c(p)?
5
Suppose r + r + 742 = 2*p, 2*r = -4*p + 1508. What is the hundreds digit of p?
3
Suppose 20 = a + 5*d, -5*d - 24 + 104 = 5*a. What is the tens digit of a?
1
Let k(i) = 13*i**2 - 4*i + 3. What is the units digit of k(1)?
2
Let b be (-1)/(1 - 4/3). Suppose -b*q + 23 = -5*l, -2*q = l + l - 26. What is the tens digit of q?
1
Let u be 12/(22/8 - 2). What is the tens digit of (u - -3 - 3)*1?
1
Let t(n) = -18 + 2*n - n + 31. Suppose 3*a - 37 = 3*m - 1, -2*a + 34 = -3*m. What is the units digit of t(m)?
3
Let x be ((-42)/12)/(2/(-12)). Suppose 0 = -3*b + x - 3. What is the units digit of b?
6
Suppose 3*x = x + 6. Let v = 14 - x. Let o = -7 + v. What is the units digit of o?
4
Let g be (14/21)/(2/6). Suppose g = 2*f - f. What is the units digit of f?
2
Let g = 5 - 4. Let t be 2 - -2*(g - 0). Suppose 0 = 2*n - t*l - 36, 30 = 3*n + l + l. What is the units digit of n?
2
Suppose 3*b = 1 - 10. Let u be (10/8)/((-2)/(-8)). Let z = u + b. What is the units digit of z?
2
Let o be 4*18*6/9. Suppose -q - 3*q = -o. What is the tens digit of q?
1
Let s be -7*(0 + -1)/(-1). Let c be (-2)/s - (-8)/(-28). What is the units digit of (-33)/(-3) - (2 - c)?
9
Let n(g) = 15*g + 8. What is the units digit of n(6)?
8
Suppose s + 6*s = -70. Let n(m) = -5*m + 23. Let i(d) = -3*d + 12. Let y(t) = 7*i(t) - 4*n(t). What is the units digit of y(s)?
2
Suppose 4*i - 11 - 1 = 0. Suppose 0 = 2*a - 3*o - 28, -4*a - 4*o = -i*a - 14. What is the tens digit of a?
1
What is the tens digit of 0 + 579/6 - 1/2?
9
Let l be (-4)/(-10) - (-6)/10. Let d = l + -1. Suppose 0 = -h - 4*g + 7, d = 4*h - g - 0*g - 11. What is the units digit of h?
3
Let k = 51 + -36. What is the units digit of k?
5
Let y be 1 + (2 - 0/1). What is the tens digit of (-80)/(-6) - 1/y?
1
Let u(x) be the first derivative of x**3/3 - 2*x**2 - 2. Let j be u(4). Suppose 5*s = -3*p + 27, j = -2*s + 2*p - 4*p + 14. What is the units digit of s?
3
Let r(i) = -i**3 - 5*i**2 + 6*i + 3. Let j be r(-6). Suppose 5*o - j = s - 8, 23 = s + o. S